w**2 + 4*w - 14. What is the hundreds digit of t(o)?
6
Suppose -3*u = -2*o + 7*o - 14109, -o + 4*u + 2808 = 0. Suppose -o = -3*v + 4*b, v - 3*b = -4*v + 4689. What is the units digit of v?
6
Suppose 3*t - 6*o - 18 = -3*o, -18 = -5*t + o. Suppose 1720 = 11*f - t*f. Suppose -59 - f = -2*a. What is the tens digit of a?
3
Suppose q - 2*j - 25503 = 0, 0 = 5*q + 746*j - 745*j - 127581. What is the thousands digit of q?
5
Suppose 24*b - 2*n = 20*b + 5188, 3*n - 5158 = -4*b. What is the thousands digit of b?
1
Let z(q) = q + 44. Let a be z(-39). Suppose 27*f + 4*r - 728 = 25*f, a*r = 2*f - 746. What is the units digit of f?
8
Suppose -5*b = 3*a - 16190, b + 387*a - 3238 = 392*a. What is the units digit of b?
8
Let p(o) = -o**3 + 17*o**2 + 14*o + 20. Let w be p(18). Let z = 156 - w. What is the hundreds digit of z?
2
What is the thousands digit of (-8)/(-44) - 28/77 - 167763/(-11)?
5
Suppose 4*q = -f - 412, -3*f + 0*f - 1180 = -2*q. What is the units digit of -2 - 1*(f - 3)?
7
Let x(u) be the third derivative of -25*u**4/12 - 71*u**3/3 - 3*u**2 + 3. What is the hundreds digit of x(-13)?
5
Suppose 0 = 5*h - n + 4, 2*n = 5*h + 7 + 1. Let r(v) = -v**3 + 57*v**2 + 72*v - 787. Let m be r(58). Suppose h*q - m = -q. What is the units digit of q?
5
What is the tens digit of (-6217172)/(-910) + 1/(105/(-6))?
3
Let c(k) = 1666*k**2 - 106*k - 54. What is the ten thousands digit of c(-3)?
1
Let f(p) = 3*p**3 - 22 - 67*p**2 - p - 3*p**3 + 5*p**3 - 4*p**3 + 58*p**2. Suppose 5*u + 3*t = 70, -31 - 33 = -4*u - 4*t. What is the hundreds digit of f(u)?
2
Suppose 2 = -0*o - 2*o - 4*x, 4*o + x - 17 = 0. Suppose n - 2*u = 13, 5*u - 4*u = -o. Suppose n*w = 13*w - 1050. What is the units digit of w?
5
Suppose -29*x + 25*x = -w + 222, 2*x = 3*w - 656. Let q = 526 - w. What is the hundreds digit of q?
3
Suppose -w + 5*k = -6, 2*w - k = 4 + 8. Let h be (236/12)/(1/w). Let s = h + -82. What is the units digit of s?
6
Let u = 2856 + -5882. What is the units digit of (1 - u/6) + (-8)/6?
4
Suppose 5*i + h - 11306 = 0, -28*h - 16 = -24*h. What is the tens digit of i?
6
Suppose 13*v = 32409 - 7020. What is the hundreds digit of v?
9
Let d = 97150 - 68980. What is the ten thousands digit of d?
2
Suppose 41*w - 38*w = 117*w - 2584380. What is the tens digit of w?
7
Suppose 19*c + 18 = 22*c. What is the units digit of (-45 - -661) + c/9*-3?
4
Let q(m) = -1268*m - 1132. What is the hundreds digit of q(-6)?
4
Let x be (-15305)/(-7) - 16/(-28). Suppose 1201 = 7*b - x. What is the units digit of b?
4
Let n(g) = -g**2 - 12*g - 25. Let j be n(-10). Let x be j/((-75)/(-35))*27. What is the tens digit of (5/((-5)/x))/((-27)/(-18))?
4
Suppose -71*o - 274555 = -114*o. What is the hundreds digit of o?
3
Suppose 0 = -1938*u + 1947*u - 465111. What is the ten thousands digit of u?
5
Let u = 193 - 193. Suppose u = 4*a + j - 2558, 4*j - 1927 = -3*a - j. What is the tens digit of a?
3
Let n = -3 + 8. Suppose -10*g - 20 = -15*g. Suppose -g*d + 6 = -5*b - 27, -3 = d - n*b. What is the tens digit of d?
1
Let z(m) = m**3 + 2*m**2 - m + 4. Let u be z(-3). Let y be ((-2 - u) + -15)/(14 + -17). Let q(v) = 8*v**2 - 5*v - 7. What is the tens digit of q(y)?
6
Let m be 92/(-6) - 20/30. Let t be (-1155)/6*(-16)/5. What is the units digit of (m/(-12))/(t/204 + -3)?
8
Let d = 5565 - 595. Suppose -4*i + c + d = 0, 2*i - c - 3728 = -i. What is the tens digit of i?
4
Suppose 3*i + 2*c = 35739, -5*i - 4*c = -52001 - 7562. What is the tens digit of i?
1
Let u = 700 - 352. Suppose 0 = 5*v, -5*h + u = 4*v - 1067. What is the hundreds digit of h?
2
What is the tens digit of (-19)/((-513)/(-23895))*-15?
7
Suppose -v = 2*k - 1416, k + 2*k - 4233 = -3*v. What is the tens digit of v?
0
Let l(z) = 15*z + 19*z**3 - 3*z**2 + 31*z**3 - 13 + 31*z**3 + 37*z**3 + 17*z**3. What is the tens digit of l(2)?
8
Let a(x) = x**3 + 7*x**2 - 2*x + 1. Let u be (-1)/(((-12)/4)/(-15)). Let m be a(u). Let w = 147 - m. What is the units digit of w?
6
Let t(v) = 2528*v**2 - 89*v - 247. What is the tens digit of t(-3)?
7
Let c = -20 + 27. Let h = c - 3. Suppose h*u - 5*k = -6*k + 714, 0 = -2*u - 4*k + 364. What is the hundreds digit of u?
1
Suppose -10*o + 12*o + 2*x - 314 = 0, 3*x = -4*o + 633. Let t = 389 - o. What is the units digit of t?
7
Let g(o) = -o**3 + 8*o**2 - 22*o + 65. Let k be g(6). Suppose k*z - 5003 = -713. What is the tens digit of z?
5
Let y be 2/(108/20 - 5). Suppose -y*q + 455 - 33 = 3*t, 4*t - q = 578. What is the units digit of t?
4
Let w = 20 - -261. Let n = -96 + w. Suppose -3*i + n = 8. What is the tens digit of i?
5
Let x(q) be the second derivative of q**3 + q. Let c = -6228 + 6232. What is the tens digit of x(c)?
2
Let t = 722 - 718. Suppose -3*d + 198 = -t*k, 0 = -6*d + 2*d - k + 283. What is the tens digit of d?
7
Let z(i) = -160*i**2 - 191*i**2 + 77 - 76*i + 350*i**2. What is the hundreds digit of z(-32)?
4
Let w = 2777 + -2507. What is the units digit of w?
0
Let k be ((-12)/(-15))/(2/(-195)). Let s = k + 80. Let f(d) = 3*d**3 - d**2 + 5*d - 1. What is the tens digit of f(s)?
2
What is the units digit of ((-17)/34)/((-596885)/(-596890) - 1)?
9
Suppose 29*q + 9*q + 660896 = 0. What is the tens digit of q/(-20) + (-6)/(-15) - 3?
6
Suppose -4*y - 3*f + 3906 = 0, 5*f = 6*f + 2. Let k = -415 + y. What is the units digit of k?
3
Suppose 0 = -z + 7*p + 7506, -35 = -242*p + 237*p. What is the thousands digit of z?
7
Let u(q) = 2*q**3 + q + 52. Let j be u(0). Let x = 63 - j. What is the tens digit of x?
1
Suppose 0 = 9*h - 3*h + 24. What is the tens digit of (-3*(-1)/3)/(h/(-1268))?
1
Let t = -5951 - -7438. What is the tens digit of t?
8
Suppose 14*c + 7508 = -3426. Let o = -215 - c. What is the hundreds digit of o?
5
Let c(u) = -3665*u**3 - 10*u**2 - 15*u - 4. What is the units digit of c(-1)?
6
Suppose 5*x - 9*v + 5*v = 71, 4*x + 4*v - 28 = 0. Suppose -3*t + 7 + x = 0. What is the units digit of (86/t)/(44/6 + -7)?
3
Let f be -4 + 210/51 - 294/(-102). Let h(b) = -b - 3. Let y be h(-6). Suppose 0 = y*r - f - 0. What is the units digit of r?
1
What is the tens digit of 16944/20*(-1845)/(-164)?
3
Let n be (0 - (-24)/(-9))/(12/(-18)). Suppose -4*w - 1076 = -t - 4*t, -w + 844 = n*t. What is the tens digit of t?
1
Let m(n) = 12*n**3 + 29*n**2 + 16*n + 35. What is the units digit of m(11)?
2
Suppose 2*g - 5*b + 2*b = 1, -5*g + 16 = -3*b. Suppose y - g*l - 59 = 0, 5*l - 8*l = 4*y - 351. What is the tens digit of y?
8
Let m = -396 - -753. Let o = m - 10. What is the units digit of o?
7
Suppose -69*o + 1 = -68*o. What is the tens digit of o/(13/3889) + 108/(-702)?
9
Let t(s) = -68*s + 1640. What is the thousands digit of t(-10)?
2
Let r(v) = 17*v**2 - 5*v - 1. Let n be r(2). What is the units digit of (207/3)/(3/n)?
1
Suppose 9*q - 1028 = 11*q. Let l = q - -924. What is the tens digit of l?
1
Let v = 7602 + -1988. What is the units digit of v?
4
Let d(o) = -o**3 + 10*o**2 - 16*o - 5. Let z(h) = -2*h + 9 - 3 - 5*h + 5*h. Let r be z(0). What is the units digit of d(r)?
3
Let y = -1 + 46. Let z = -11 - y. What is the units digit of (462/56)/((-3)/z)?
4
Let b be (-3 - (0 - 2))/((-1)/34). What is the tens digit of (-46)/(-92)*(-1 + 3)*b?
3
Suppose 10*c - 6*c = -p + 15165, 3*p = -2*c + 45455. What is the units digit of p?
9
Let k = 146 - 108. Suppose 2*w - k + 32 = 0. What is the units digit of w?
3
What is the units digit of (-131)/(-131) - (-2 - 645)?
8
Let c be 1 + -42 + 45/15. What is the hundreds digit of (-20402)/c + (-6)/(-57)?
5
Suppose 2097*x = 2125*x - 123900. What is the tens digit of x?
2
Let g = 19 + -18. What is the tens digit of (-1)/(28/(-9443)) - g/4?
3
Let c be 1 + 2 + (4/(-2) - -4). Suppose 3*z = c*v - 2*v - 9, -z + 5*v - 15 = 0. Suppose z = n - 5, 3*y - 7*y - 4*n = -220. What is the units digit of y?
0
Let t(n) = 10*n**2 - 208*n + 27. What is the tens digit of t(23)?
3
Let a = -70 - -84. Let z(l) = -l + 19. Let i be z(a). Suppose 0 = i*v - 0*v, t = -2*v + 28. What is the units digit of t?
8
Suppose -2*v = -5*g - 15, 0 = -4*v + g - 2*g + 85. Let y = v + -15. Suppose 0*c + 5*c - 18 = -w, w + 22 = y*c. What is the units digit of c?
4
Let t be 1/3 + 26/39. Suppose -b = -1, -4*o + 4*b + 21 = t. Suppose -551 - 517 = -o*f. What is the hundreds digit of f?
1
Let m be 21 + 7/(42/(-18)). Let i(o) be the second derivative of -o**